e t(x).
6
Let p = 205 + -203. Let i(m) = -2*m**2 + 3. What is i(p)?
-5
Suppose 4*y = -4*t + 5 - 1, 3*y - 3 = -5*t. Let u(h) be the second derivative of h**3/3 - h**2/2 + 102*h. What is u(y)?
1
Let f = 79 + -76. Let h be (-2 + 4)/(6/f). Let d(q) = 14*q - 1. Give d(h).
13
Suppose -3*x = -0*x - 15, 2*h - 5*x = -13. Let v(m) = m**2 - 7*m - 2. Determine v(h).
-8
Let v = 74 + -70. Let u(q) be the first derivative of 5/3*q**3 - 1/2*q**2 - 1/4*q**v - 7*q - 2. Give u(5).
-12
Let q(c) = 2*c - 30 - 6 + 35 - 16*c**2. What is q(1)?
-15
Let u(r) = -4*r**2 - 8*r + 2. Let b(s) = -s**2 - s. Let a(g) = 5*b(g) - u(g). Calculate a(4).
-6
Let a(w) be the second derivative of -w**5/20 + w**4/4 - w**3/6 + w**2/2 - 221*w. Determine a(4).
-19
Let m be 5*(-4 - 160/(-25)). Let t(s) = 4*s**3 + 2*s - m*s**3 + 3 + 7*s**3 - 2*s**2. Determine t(-2).
-1
Let g = -47 - -51. Suppose -g*c - 2 = -10. Let q(k) = -2*k**2 - 2*k + 3. Give q(c).
-9
Let r(m) be the first derivative of -2*m**3 - 1/2*m**2 - 2 + 1/4*m**4 - 6*m. Let v be (-2 + (-88)/(-20))*15/6. Give r(v).
-12
Let d(k) = -4*k**3 + 7*k**2 - 17*k. Let h(c) = 5*c**3 - 7*c**2 + 19*c + 3. Let g(y) = -6*d(y) - 5*h(y). Calculate g(-8).
-7
Let u = 7 + -3. Let a(t) = -t + t + t + u. Let i = 566 + -573. Determine a(i).
-3
Let x(f) = 4*f**2 + 5*f - 34. Let v(o) = 2*o**2 + 3*o - 15. Let t(m) = 7*v(m) - 3*x(m). Give t(-4).
5
Let z(u) = 5*u - 23*u**2 + 3*u + 2 + 22*u**2. Suppose 2*x + 3*x - 19 = -4*p, 2*p = -4*x + 8. What is z(p)?
14
Let d(g) = -g + 3. Let s(k) = 2*k**3 - 5*k**2 + 7*k. Let h(b) = 5*b**3 - 11*b**2 + 15*b - 1. Let v(f) = -3*h(f) + 7*s(f). Let p be v(-3). Determine d(p).
3
Let w(h) = -13 + 48*h - 20*h - 25*h. Give w(11).
20
Let c(s) = -2*s**2 + s - 4. Let b(f) = -f**2 + 10*f - 6. Let h be b(9). Determine c(h).
-19
Suppose -3*z = -7 - 14. Let t(d) = d**2 + 12 + z*d - 12 + 4. Determine t(-6).
-2
Let a(y) = 3*y - 9. Let q be a(6). Suppose 3*m - 3 - q = 0. Let x(t) = -2 + 5*t + t**2 - 14*t + m*t. Determine x(6).
4
Let r(j) = 9*j**2 - 2*j + 2. Let l be r(-2). Let i(y) = -81 + l - y + 42. Give i(4).
-1
Let a(c) = c**3 - 2*c**2 - c - 1. Let n be a(3). Let k(j) = 5*j - 17. Calculate k(n).
8
Let z(r) be the first derivative of -42 + 1/4*r**4 + 0*r - r**3 - r**2. Determine z(-2).
-16
Let l(m) = -m. Let a = -18 + 20. Suppose -j + 6 = 3*g, 2*g - g = -5*j + a. Determine l(j).
0
Suppose -343*d + 341*d + 2*f = 24, 2*f = d + 16. Let g(y) be the third derivative of y**5/60 + y**4/3 - 5*y**3/3 + y**2. Give g(d).
-10
Suppose -20 = -5*h - 3*c, 3*h - 4*c - 6 = 5*h. Suppose n + 2 = -h. Let s(u) = -u**3 - 9*u**2 + 5. Calculate s(n).
5
Suppose 2*h + 744 = -0*h + 4*n, 2*h - 5*n = -748. Let i be h/63 - 4/18. Let r(u) = u**2 + 6*u + 1. Determine r(i).
1
Let y(q) = -2*q**2 - 3*q. Let j = 20 - 15. Let o be 3*j/6*6. Suppose 6 = 12*a - o*a. What is y(a)?
-2
Let a(d) = -8*d**2 + 80*d + 7*d**2 - 79*d. Give a(0).
0
Let d(r) = 3*r**3 - 2*r. Let j be d(-1). Let p(b) = -2*b + b**2 + b + 10*b**3 + 2*b**3 - 3*b**2. Determine p(j).
-13
Let r(m) = -2*m + 5. Let d be 22/(-121) + 64/(-11). Let c(u) = -u**2 - 5*u + 10. Let f be c(d). Give r(f).
-3
Let m(h) = -h**3 - 9*h**2 - 11*h - 5. Let j = -1435 - -1428. Determine m(j).
-26
Let q(m) = 8*m**2 - 12*m + 12. Let t be q(1). Let h(g) = g + 11. Determine h(t).
19
Let z(k) = 1. Let v(u) = -u**2 - 6*u - 3. Let a be v(-4). Let d = a - 2. Let l(i) = -2*i**2 + 5*i - 6. Let m(s) = d*z(s) + l(s). Determine m(3).
-6
Let j(p) = p + 1. Let u(s) = -2*s**3 - s**2 + s. Suppose -c + 0*w + 2*w + 3 = 0, 4*w + 9 = 5*c. Let v be u(c). Determine j(v).
-1
Let f(n) = -3*n + 11. Let w(d) = d**2 - 6*d + 5. Let c be w(4). Let i(s) = 2*s - 6. Let p(y) = c*f(y) - 5*i(y). Determine p(-5).
2
Let l(q) = q**3 - 14*q**2 - 15*q + 3. Let p(i) = 5*i**3 - 7*i**2 + 5*i - 7. Let f be p(2). What is l(f)?
3
Suppose 8*p - 40*p + 224 = 0. Let m(x) = -2*x + 19. Determine m(p).
5
Let z(i) = 2*i + 58*i**3 - 3*i - 56*i**3. Suppose -3*p + 5 - 1 = 2*w, -5*p = -2*w - 12. What is z(w)?
-1
Let k(t) = -3 - 2*t - 7*t**2 - 3*t**2 + 9*t**2. Let i be (0/2)/(3 - 1). Suppose -5*m = -i*m + 15. Determine k(m).
-6
Let t(m) = -17*m - 2684 + 9*m + 2689 + 5*m. Suppose 0*w - 5*w + 25 = 0. What is t(w)?
-10
Suppose -4*n = -4*y - 40, -5*n = -n - 2*y - 32. Let h(g) be the first derivative of 9*g + 10 - 1/2*g**2. Calculate h(n).
3
Let y(u) = u**3 - 6*u**2 + 5*u + 4. Let a(j) = j**2 - 8*j + 6. Let n be a(7). Let k be 111*n/(-21) - (-8)/(-28). Determine y(k).
4
Let a(c) = -c**2 - 6*c + 6. Suppose 5*y - 10 - 20 = 0. Let z = -4 + y. Suppose -1 = -i + 5*j - 2, -4*j = -z*i - 8. Determine a(i).
6
Let l(o) be the third derivative of -o**5/120 + o**4/6 - o**3 - 18*o**2. Let c(s) be the first derivative of l(s). Determine c(2).
2
Suppose 9*l - 4*l = 3*u + 68, 2*l = u + 24. Let n(s) = -s**3 - 15*s**2 + 16*s + 18. Give n(u).
18
Let u(h) = -h. Let q(o) = 6*o + 2. Let f(g) = q(g) + 5*u(g). Let x be ((-32)/12 + 0)*(-3)/2. Give f(x).
6
Let s(b) be the second derivative of 0 - 1/6*b**3 - 3*b - 5/2*b**2. Let k be ((-2)/1)/(3 - 14/6). Give s(k).
-2
Let z(u) = u**3 + u**2 - u - 8. Suppose -27 = 2*q - 5*q. Let o = q + -9. What is z(o)?
-8
Suppose 13*m - 4*m - 18 = 0. Let o(d) = -4*d + 5. Determine o(m).
-3
Let h(b) = -2*b. Suppose -f - 2*o - 10 = 0, -4*f - 2*o = -2*f + 12. Let k(c) = c**3 - 3*c - 4. Let g be k(f). Give h(g).
12
Let q be 14/(-3)*(-1 + -14). Let v be ((-12)/5)/((-21)/q). Let b(u) = -u + 10. Calculate b(v).
2
Let t(q) = -q**3 + 9*q**2 + 12*q - 15. Let u = 46 + -44. Suppose l + u*l = 2*z + 26, -5*l + 54 = 2*z. Determine t(l).
5
Let n(u) = -u + 6. Let y be n(5). Let o = -15 - -20. Let j(z) = -7*z + 1. Let f(b) = b. Let q(d) = o*f(d) + j(d). Determine q(y).
-1
Suppose -5*y - 4*j + 18 = 0, -4*y + j = -4*j + 2. Let g(u) = -5*u - 7*u**2 - u**3 - 3 - u**y + 2 + 5. Give g(-7).
-10
Let g(m) be the first derivative of -m**4/4 - m**3 - 4*m + 171. Give g(-4).
12
Let m be (4 + 1)/((-2)/(-2)). Let i(y) = y**2 - 10*y + 19. Let s be i(m). Let v(z) = -z**3 - 5*z**2 + 8*z - 2. Give v(s).
-14
Let f(x) = 5*x**2 - 4*x - 7. Let q(o) = -o**2 - o. Let t(n) = -f(n) - 4*q(n). Calculate t(5).
22
Let k(b) = 9*b**3 - 56*b**2 + 13*b - 4. Let p be k(6). Let l(h) be the first derivative of -5 - 4*h - 1/2*h**p. Determine l(-2).
-2
Let o(d) = 2*d**3 + d**2 - 2*d. Let v(b) = 11*b**3 + 13*b**2 - 4*b - 2. Let x(m) = -6*o(m) + v(m). Calculate x(8).
-2
Let f(s) = -s. Let a(o) = o**3 - 13*o**2 + 8*o + 42. Let q be a(12). What is f(q)?
6
Let h(t) = 10*t**2 - 13*t + 2. Let g(w) = -7*w**2 + 12*w - 1. Let f(u) = -4*g(u) - 3*h(u). Give f(-4).
2
Let w = -1309 - -1312. Let p(h) be the second derivative of 1/3*h**3 + 9/2*h**2 + 0 + w*h. Calculate p(-7).
-5
Let q(v) = -4*v**2. Let n be q(-1). Let w be (-38)/8 - (-1)/n. Let l(b) = -2*b**2 + 6*b + 2. Let m(k) = -k**2 + 4*k + 1. Let i(s) = -4*l(s) + 7*m(s). Give i(w).
4
Suppose 5*a - 16 = a. Let o(g) be the third derivative of g**5/60 - g**4/8 - 5*g**3/6 + 602*g**2. Determine o(a).
-1
Let q(z) = 68*z - 7 + 64*z - 133*z. Determine q(-8).
1
Let r(v) = 0 + 3 - 6 + 4. Let o(b) = -b - 1. Let m(a) = 5*o(a) + 6*r(a). Give m(2).
-9
Let m be 4*((-6 - 1) + 5). Let x(t) = -t**3 - 7*t**2 + 8*t + 6. Determine x(m).
6
Let m(n) = 4433*n**2 + 6*n + 6 + n**3 - 8868*n**2 + 4441*n**2. Suppose 0*v - v = 0. Suppose -3*f - u - 22 = 2*f, 4*f + 3*u + 22 = v. Determine m(f).
14
Let i(a) = 6*a + 4 + 0*a - 4*a + 3 - 4. Give i(6).
15
Let i be 5 - 10 - (2 + (1 - 3)). Let z(w) = -w**2 - 1. Let o(u) = u - 2. Let p(a) = -o(a) + z(a). What is p(i)?
-19
Let g be 17/((-323)/(-2)) + 275/95. Let w(a) = -2*a**2 + 6*a. Give w(g).
0
Let j(l) = -1 + 0*l**3 + 3 - 4*l + 8*l**2 - l**3 - 3*l - 14*l**2. Give j(-5).
12
Let w(q) = q + 5. Let v be w(4). Let n(o) = -v*o + 2*o**2 - 1 - 18*o + 25*o. Determine n(-1).
3
Let a(y) be the third derivative of y**5/120 + 5*y**4/12 - 19*y**3/3 - 4*y**2. Let m(c) be the first derivative of a(c). Give m(0).
10
Let u(i) = -4*i - 21. Suppose -g + 3*c = 21, -c + 0*c = -5. What is u(g)?
3
Let w(s) = -160*s**2 - s**3 - s + 5 + 160*s**2. Let r = -2 + 2. Give w(r).
5
Let i(f) = -f**3 + f**2 - f + 4. Let k(n) = n**3 - 6*n**2 - n + 6. Let m(q) = -q - 3. Let x be m(-9). Let y be k(x). Determine i(y).
4
Suppose 0*t + 24 = 12*t. Let y(d) = -t*d**2 + 71 + 2*d + d - d**3 - 67. What is y(-3)?
4
Suppose 0 = 4*h + 24,